) = 25*b**2 + b. Let t be a(-1). Calculate the greatest common divisor of t and 8.
8
Let d(p) = 3*p - 51. Let q be d(18). What is the greatest common factor of q and 6?
3
Suppose -5*r + 795 = -0*r. Suppose -188 = 2*i - 0*i. Let w = i + r. What is the greatest common factor of w and 26?
13
Suppose 0 = 3*z - a - 2 - 15, -18 = -2*z + 2*a. Suppose z*x - 7 = 5. Suppose 0 = -0*j + x*j - 96. Calculate the greatest common divisor of 48 and j.
16
Let s(u) = 5*u + 3. Let i be s(3). Calculate the greatest common factor of i and 9.
9
Let f be 3*5/(-60) + (-125)/(-20). What is the greatest common divisor of 6 and f?
6
Let b(v) = 5*v**2 - v - 4. Let t be b(-5). Calculate the greatest common divisor of t and 14.
14
Let f = 36 - 14. Let n = 1 - -2. Suppose -t + 6 = 2*t, -3*z = -n*t. What is the highest common factor of f and z?
2
Suppose 14 = -l + 5*w, w + 5 = -l + 3*w. Let k = 4 - l. What is the highest common factor of k and 3?
3
Let w be 4 + (3 - -1) + 2. Calculate the greatest common divisor of w and 25.
5
Let d be 6 + (-2)/((-2)/(-2)). Suppose d*n - 12 = 2*n. Suppose 2*z + 52 = n*z. Calculate the highest common factor of 65 and z.
13
Let r be (3/2)/((-3)/(-196)). Let f be 0*(20/(-8))/(-5). Suppose 0 = 3*d - f*d - 42. What is the greatest common factor of r and d?
14
Let o(q) = 16 + 12*q - 16. Let a be (3*-1 + 2)/(-1). Let u be o(a). Calculate the greatest common divisor of 84 and u.
12
Suppose 3*v - 2*v - 4*r - 125 = 0, 3*v + 5*r - 358 = 0. Let g = 4 + 7. Calculate the highest common divisor of v and g.
11
Let s(k) = k**2 - k - 1. Let n be s(-2). Suppose 12 = n*p - 18. Let z = -73 - -127. Calculate the greatest common factor of z and p.
6
Let k = 45 - 5. Suppose -35 - 33 = 2*l + 2*n, 0 = l - 4*n + 24. Let a = l + 48. What is the highest common divisor of a and k?
8
Let u be 2*(-3)/((-18)/51). Let l = -10 + u. Let n(v) = -10*v - 1. Let f be n(-5). Calculate the highest common factor of f and l.
7
Let k(q) = -55*q. Let g be -2 - (-8)/(-6)*-3. Suppose -3*s - g = 4. Let r be k(s). What is the highest common factor of 10 and r?
10
Let n be 6/2 + 12/(-4). Suppose o - 4*o - 5*z + 1 = 0, -4*z - 16 = n. Calculate the greatest common factor of o and 63.
7
Let r(v) = v**2 + 8*v + 13. Let f be r(-7). Calculate the highest common divisor of 42 and f.
6
Let w(c) = -c + 2. Let d be w(-10). What is the highest common divisor of 3 and d?
3
Suppose -48 = -3*j - 3*m, m + 15 = j + 3*m. Let i = 33 - j. What is the greatest common divisor of i and 16?
16
Suppose -4*q + 124 = -68. What is the greatest common divisor of q and 16?
16
Suppose -3*a = -19 - 11. Let i be (-22 + 0)*(-5)/a. Suppose 535 = 5*v + 40. What is the greatest common divisor of i and v?
11
Suppose -2*m + 247 = -5*j, 10*j = m + 13*j - 151. Let y = -12 + 29. What is the greatest common divisor of m and y?
17
Let c be ((-91)/14 - -6)*-32. Suppose -r = 0, -5*r - 18 - 46 = -b. What is the greatest common divisor of c and b?
16
Let t(y) = y**3 - y. Let d be t(3). Calculate the greatest common factor of 8 and d.
8
Let r(g) = g. Let m(v) = -16*v + 3. Let n(h) = -m(h) + 6*r(h). Let t be n(3). Calculate the highest common divisor of 7 and t.
7
Let u = -118 - -143. Calculate the greatest common factor of 325 and u.
25
Let d be (-1)/((-132)/(-45) + -3). Let p = d - -12. What is the highest common factor of p and 3?
3
Suppose -18*t + 1710 = t. Let o = -54 - -90. Calculate the highest common factor of o and t.
18
Let j = -15 + 40. What is the greatest common divisor of 125 and j?
25
Suppose 6*y - y = 35. Suppose w = -0 - y. Let z(j) = -j**3 - 7*j**2 - 3*j - 3. Let g be z(w). What is the greatest common factor of g and 45?
9
Suppose 0 = -4*r - r + 80. Let x be (6/12)/(2/8). Calculate the greatest common factor of r and x.
2
Suppose -5*r + 293 = -w, -2*w - 97 - 199 = -5*r. Calculate the highest common divisor of r and 145.
29
Let p be (-33)/(-44) - 25/(-4). Let w = -2 + p. Calculate the greatest common factor of 1 and w.
1
Let b be ((-6)/4)/(6/(-5 - 343)). Calculate the highest common factor of b and 58.
29
Suppose 3*u - 24 = -u. Let o(q) = -q**2 + 8*q - 9. Let g be o(u). Let l be 6/(0 - g) + 26. Calculate the highest common divisor of 8 and l.
8
Suppose -284 = 5*s - 6*s. Suppose -2*j = 3*q - 291, 0 = -4*j - 4*q - s + 864. What is the highest common divisor of 16 and j?
16
Let i(t) = t**2 + 9*t + 8. Let z be i(-7). Let m be (20/z)/(-5)*-6. Let v(a) = -a + 1. Let c be v(m). What is the highest common factor of 5 and c?
5
Let r = -17 + 32. Let c = -10 + r. What is the highest common factor of 25 and c?
5
Let n = -421 + 709. Calculate the highest common factor of 36 and n.
36
Suppose 5*o + g = 18 + 30, 5*o - 39 = 2*g. Calculate the highest common factor of o and 36.
9
Suppose 2*n - 102 = -2*h - 2*h, -2*h + 6 = 0. Let i = 410 - 395. What is the highest common divisor of i and n?
15
Let f(i) = -11 + 3*i + 11. Suppose 0 = -2*z + 5 - 1. Let a be f(z). What is the highest common factor of 6 and a?
6
Suppose -3*f + 89 = 35. Let y be (-1)/(-4) + 326/8. Let r = y - 14. What is the highest common divisor of r and f?
9
Let s = 23 + -15. Suppose r = 2*r - 2. Suppose 5*h = -u - 2, 2 = r*h - 3*h. Calculate the greatest common divisor of s and u.
8
Let r(d) = -3*d + 4. Let n(v) = 1. Let y(s) = -5*n(s) + r(s). Let o be y(-1). Calculate the greatest common factor of o and 8.
2
Let z(i) = -5*i + 3. Let y be z(0). Calculate the greatest common divisor of 33 and y.
3
Suppose 0 = 3*v - 72 + 21. Let n = 16 - -137. What is the highest common factor of v and n?
17
Let j(y) = y**2 + 15*y - 78. Let v be j(-20). What is the highest common divisor of v and 55?
11
Let a(x) = x**3 - 10*x**2 + 12*x - 16. Let b be a(9). Let z = 21 - -12. What is the greatest common divisor of b and z?
11
Let p = 1 + -1. Suppose l = -p*l + 18. Let s be 36/20*(-10)/(-2). Calculate the greatest common divisor of s and l.
9
Let l(y) = -9*y - 4. Suppose -12 + 4 = 2*t. Let o be l(t). What is the greatest common factor of o and 48?
16
Let y(i) = -22*i. Let g be y(-1). Suppose 0 = 3*n - 2*p - g, -n + 2*p = 3*p - 9. What is the highest common divisor of n and 40?
8
Suppose -2*t + 3*t = 5. Suppose -4*w + 16 = 0, -t*i + 2*w - 87 = -w. Let o be (1 + -4)*5/i. What is the greatest common divisor of o and 9?
1
Suppose -3*j - 30 = -8*j. Suppose -5*g + j = -4. Suppose 0 = 3*q + 2*i + 7 - 43, 0 = g*q - i - 31. What is the highest common factor of q and 112?
14
Let n = -200 + 132. Let q = n - -158. Calculate the highest common divisor of q and 10.
10
Let v = 38 + -33. Suppose 220 = 4*g - 0*g. What is the highest common divisor of g and v?
5
Let n(r) be the third derivative of -r**4/24 + 7*r**3/6 - r**2. Let g be n(5). Let p = 14 - g. Calculate the greatest common divisor of 120 and p.
12
Suppose 0 = m + 8 - 24. Let p = m + -5. Calculate the greatest common factor of p and 88.
11
Let u be 2 - (-4)/(-10)*(-5 + 0). Calculate the highest common divisor of u and 4.
4
Let o = -339 + 346. Let q(v) = -10*v - 5. Let u be q(-4). What is the highest common factor of u and o?
7
Suppose 5*w - 51 = p, 5*w = -0*p + 3*p + 53. What is the highest common divisor of w and 50?
10
Let y = 586 + -328. Let c = -148 + y. Calculate the greatest common factor of c and 10.
10
Suppose 3*a + 9 = -2*w + 46, 3*a + 18 = 3*w. What is the highest common factor of 33 and w?
11
Let c(s) = -s**2 + 13*s - 7. Let h be c(5). Calculate the greatest common factor of 22 and h.
11
Suppose -3*k + 2 = -7. Suppose 7 = -2*j - 1. Let t = j - -13. What is the highest common factor of k and t?
3
Let b be -40*(0 - (-1)/(-2)). What is the highest common divisor of 60 and b?
20
Let j = 23 - 6. Let h(z) = z**3 - 11*z**2 + 11*z + 7. Let v be h(10). What is the highest common divisor of j and v?
17
Let m(c) be the second derivative of 0 - 2*c**2 + c + 0*c**3 + 1/12*c**4. Let y be m(-5). What is the highest common factor of 3 and y?
3
Let a = 1 - -3. What is the greatest common factor of a and 52?
4
Suppose 4*m - 3 = 1, 5*m + 331 = 3*q. Suppose 6*h - 162 - 6 = 0. Calculate the greatest common factor of q and h.
28
Let q(a) = -4*a**2 - a + 7. Let h(z) = -5*z**2 + 7. Let l(s) = 3*h(s) - 4*q(s). Let f be l(-7). What is the highest common divisor of 2 and f?
2
Suppose 1288 = -23*y + 27*y. What is the greatest common factor of y and 46?
46
Suppose 4*k